51546223 composite?
False
Is 52331057 a composite number?
True
Is 65535839 a composite number?
True
Is 11907047 prime?
True
Is 4263283 a prime number?
True
Is 2406277 a composite number?
False
Is 608631 prime?
False
Is 12315311 a composite number?
True
Is 6430107 composite?
True
Is 12555877 prime?
False
Is 659738819 composite?
False
Is 58056961 composite?
False
Is 11893837 prime?
False
Is 424448239 a prime number?
False
Is 231881467 composite?
False
Is 263570939 a composite number?
True
Is 2363261 a composite number?
False
Is 42545869 prime?
False
Is 352319 a composite number?
True
Is 2770259 prime?
True
Is 1734665 composite?
True
Is 4967997 prime?
False
Is 147658366 a prime number?
False
Is 110533043 a composite number?
False
Is 9627649 a composite number?
False
Is 162563 prime?
True
Is 9369127 prime?
True
Is 982797271 a prime number?
True
Is 1370027 prime?
True
Is 409755847 a prime number?
True
Is 93560039 a composite number?
False
Is 2024177 a prime number?
True
Is 567179 a composite number?
False
Is 892709 a composite number?
False
Is 518047421 prime?
False
Is 85400141 a composite number?
False
Is 28152601 a composite number?
True
Is 31940203 a prime number?
False
Is 1768709 a prime number?
True
Is 1208777 a prime number?
True
Is 92248799 composite?
False
Is 16088071 a composite number?
False
Is 1042077 composite?
True
Is 36648289 a prime number?
True
Is 140964423 prime?
False
Is 2039993 a composite number?
False
Is 982559 prime?
True
Is 737 prime?
False
Is 201094393 prime?
False
Is 2213951 a composite number?
True
Is 150985579 prime?
True
Is 10579607 prime?
True
Is 5017721 composite?
False
Is 6001547 prime?
True
Is 279850391 a prime number?
False
Is 3143389 composite?
False
Is 6215659 a prime number?
False
Is 79305341 composite?
False
Is 2795777 composite?
False
Is 181056553 composite?
False
Is 64409809 a composite number?
True
Is 437909 prime?
True
Is 4912547 a prime number?
False
Is 32974817 composite?
True
Is 6612821 a prime number?
False
Is 586061131 a composite number?
False
Is 1231237 a prime number?
False
Is 284201 a composite number?
False
Is 2727911 a composite number?
True
Is 169070731 prime?
True
Is 3060137 composite?
False
Is 2680651 composite?
True
Is 6389683 a prime number?
True
Is 1004900735 a prime number?
False
Is 76624279 a prime number?
True
Is 15378833 prime?
True
Is 2172109 prime?
True
Is 476320991 a composite number?
True
Is 1908167 prime?
True
Is 8187521 composite?
False
Is 5435603 composite?
False
Is 215829403 composite?
False
Is 1123177 a prime number?
False
Is 1750447 a composite number?
False
Is 16634273 a composite number?
True
Is 1779397 composite?
True
Is 4294841 composite?
True
Is 1535323 prime?
True
Is 3720218 a prime number?
False
Is 8169229 a prime number?
True
Is 263807 composite?
True
Is 27410029 a composite number?
True
Is 264237517 a prime number?
False
Is 11897939 composite?
False
Is 14305541 composite?
True
Is 5057417 composite?
True
Is 23619833 a prime number?
False
Is 3319271 a prime number?
False
Is 5921851 composite?
True
Is 482585507 a composite number?
False
Is 264371399 a composite number?
False
Is 20377297 a prime number?
False
Is 64174729 a composite number?
False
Is 10291639 a prime number?
True
Is 25049 prime?
False
Is 47316361 a prime number?
True
Is 428297 composite?
False
Is 16678553 prime?
False
Is 70948637 a composite number?
False
Is 10936301 composite?
True
Is 10697447 a composite number?
True
Is 12296783 composite?
True
Is 8755049 a prime number?
True
Is 1796064797 composite?
False
Is 592303 composite?
False
Is 34539943 composite?
False
Is 509184433 composite?
False
Is 3157871 prime?
False
Is 14004803 composite?
True
Is 11778323 a composite number?
True
Is 6413023 composite?
False
Is 124229915 a prime number?
False
Is 264969853 a prime number?
True
Is 226434469 a composite number?
True
Is 2387753 a composite number?
False
Is 57758089 a prime number?
True
Is 16971179 prime?
True
Is 280628071 a composite number?
False
Is 1083641 a composite number?
True
Is 12230333 composite?
True
Is 7770535 a composite number?
True
Is 2767187 prime?
False
Is 2302283 prime?
True
Is 1499959 a prime number?
False
Is 913557709 composite?
False
Is 520594237 composite?
False
Is 18028383 a prime number?
False
Is 594367 prime?
True
Is 75201617 composite?
False
Is 93903379 composite?
False
Is 11631497 composite?
False
Is 70038727 a prime number?
False
Is 21968737 a composite number?
True
Is 556717 composite?
True
Is 1505111 a prime number?
True
Is 1071047 prime?
True
Is 3790173 a composite number?
True
Is 633242 a composite number?
True
Is 2268226 a prime number?
False
Is 57709837 a prime number?
False
Is 403365059 prime?
True
Is 10423113 a prime number?
False
Is 3500093 a prime number?
False
Is 438445439 prime?
False
Is 2234861015 prime?
False
Is 637759959 a composite number?
True
Is 64416617 a prime number?
False
Is 66576113 prime?
True
Is 3734453 a prime number?
True
Is 222293489 a prime number?
False
Is 9193229 composite?
False
Is 42382193 composite?
True
Is 681089 a composite number?
False
Is 12086479 prime?
False
Is 2281403 a composite number?
False
Is 12173213 prime?
False
Is 14045281 prime?
False
Is 924595577 composite?
False
Is 21717161 a prime number?
True
Is 38943547 a composite number?
False
Is 18300707 a composite number?
True
Is 8819081 prime?
False
Is 48360677 prime?
True
Is 11976611 a prime number?
True
Is 9857395 composite?
True
Is 240073 a prime number?
True
Is 1016304109 a prime number?
True
Is 35703377 a composite number?
False
Is 135313 a prime number?
False
Is 8818177 a composite number?
True
Is 142696691 a prime number?
False
Is 1205427 prime?
False
Is 14372153 prime?
True
Is 58788503 composite?
True
Is 1265273 a prime number?
True
Is 47458003 a composite number?
False
Is 2906951 composite?
False
Is 30496637 a prime number?
False
Is 238846679 composite?
False
Is 44531 composite?
False
Is 18900529 prime?
True
Is 101081 a composite number?
False
Is 23905051 composite?
False
Is 139007 a prime number?
False
Is 3466087 a composite number?
True
Is 85802807 composite?
False
Is 122589413 a prime number?
True
Is 36532889 a composite number?
True
Is 215743907 a prime number?
True
Is 14401987 prime?
True
Is 234849971 composite?
True
Is 5244179 composite?
False
Is 1265311 composite?
False
Is 17367647 a prime number?
False
Is 20159203 prime?
True
Is 56642821 a prime number?
True
Is 396417011 composite?
True
Is 28023 prime?
False
Is 496949 composite?
False
Is 2961187 a prime number?
True
Is 1843239 composite?
True
Is 43728197 a prime number?
False
Is 68520817 a prime number?
True
Is 47189861 composite?
False
Is 3274619 composite?
False
Is 1860577 a composite number?
True
Is 501077609 prime?
False
Is 171973369 a prime number?
False
Is 2301967 composite?
True
Is 64319569 a composite number?
True
Is 428497447 a composite number?
True
Is 33989853 a composite number?
True
Is 256238449 composite?
True
Is 10914229 a prime number?
True
Is 20958803 a composite number?
False
Is 168103707 prime?
False
Is 18564899 prime?
True
Is 43601541 prime?
False
Is 183839 a prime number?
False
Is 350016589 composite?
True
Is 916501 a composite number?
False
Is 572549413 a composite number?
False
Is 85213319 composite?
False
Is 3187929 composite?
True
Is 244867829 prime?
True
Is 33712739 a prime number?
False
Is 60650639 a prime number?
False
Is 11324947 a prime number?
False
Is 784717 prime?
True
Is 9019 composite?
True
Is 19288301 prime?
True
Is 69070789 a prime number?
True
Is 2045881 prime?
True
Is 2084623 composite?
True
Is 2965631 prime?
True
Is 25328699 prime?
False
Is 6143663 prime?
True
Is 481811 a prime number?
False
Is 26423043 composite?
True
Is 68306093 a composite number?
False
Is 61424819 prime?
True
Is 2183833 prime?
True
Is 16280303 a prime number?
False
Is 1803743 prime?
True
Is 39947813 prime?
True
Is 6074905 prime?
False
Is 140799965 a composite number?
True
Is 4310249 a prime number?
False
Is 1330801 composite?
True
Is 2099059 a prime number?
True
Is 56282849 a prime number?
False
Is 38428843 a composite number?
False
Is 999571 a composite number?
True
Is 1504883 prime?
False
Is 5016463 a prime number?
False
Is 67702949 a prime number?
True
Is 2116495 composite?
True
Is 21479639 a composite number